/(-16)*o. What is the greatest common factor of 117 and v?
13
Suppose -5*c = -3*c - 6. Let d be c*-4*(4 - 8). Calculate the greatest common factor of d and 120.
24
Let h be (-5)/1*(-7)/7. Suppose -h*d + 3*d + 4*q - 6 = 0, 5*d - 33 = -2*q. Suppose d*c - 5 - 45 = 0. Calculate the greatest common factor of 25 and c.
5
Let m = 842 + -578. What is the greatest common factor of 2 and m?
2
Let m(i) = -21*i + 655. Let n be m(31). What is the highest common factor of 10 and n?
2
Suppose 5*d - 266 = 3*u, 2*d - u + 58 = 3*d. Let t = -42 + d. Calculate the highest common divisor of t and 26.
13
Suppose 19*c = 14*c + 10. Let t(u) = 1 - 3*u + 17*u + 3*u**2 - u**c + 0*u. Let v be t(-7). What is the greatest common factor of 11 and v?
1
Let f(b) = 4*b**2 + 4*b - 5. Let a be f(-5). Let l(w) = w**2 - 9*w + 23. Let o be l(6). Suppose 0 = o*s + 6 - 156. What is the highest common factor of a and s?
15
Let g(c) = -2*c - 9. Let s be g(-7). Let i be (20 + 2)/(4/2). Let t(r) = -r**2 + 10*r + 16. Let o be t(i). What is the greatest common divisor of o and s?
5
Let r be ((-3)/6)/(3/18). Let a = r + 4. Suppose -4*b - 5 = -21. What is the highest common divisor of b and a?
1
Let p(u) = 12*u**3 - 2*u**2 - 4. Let i be p(2). Calculate the greatest common divisor of 36 and i.
12
Let y be (-224)/(-560) - ((-533)/5 + 1). Calculate the greatest common divisor of y and 1484.
106
Suppose -19*g + 647 = -56. What is the highest common factor of g and 74?
37
Let t be -42*5/35*(-1 - 53). Suppose 0 = -5*k + 42 + 138. What is the highest common factor of t and k?
36
Suppose -89 = -4*r + 51. Suppose 2*v - 3 = r. Let y be (-231)/(-12)*1 + (-11)/44. Calculate the greatest common factor of y and v.
19
Suppose -284 = -4*f + 2528. What is the greatest common divisor of f and 37?
37
Let l = 298 + -165. Let n(p) = p**2 + 11*p + 24. Let q be n(-10). Suppose -4*z - q = -y - 3, -4*y = -3*z - 70. Calculate the highest common divisor of y and l.
19
Let h(d) = d**3 + 10*d**2 + 9*d + 10. Let k be h(-9). Suppose -28 = -12*p + k*p. Calculate the highest common factor of p and 2.
2
Suppose -3 = -p - 0. Let j(v) = 3*v**2 + v - 2. Let l be j(1). Let b = l - -13. What is the highest common divisor of b and p?
3
Let p be 46 - (-5 + (6 - 5)) - 0. Calculate the highest common factor of 400 and p.
50
Suppose 33*l + 10 = 175. Calculate the highest common factor of l and 17.
1
Let z(g) = g - 2. Suppose -4*m - 20 = 0, x + 25 = 6*x - 2*m. Let k be z(x). Let d be (k - -3)/(-4) + 82. Calculate the highest common factor of d and 27.
27
Let w = -662 - -836. What is the highest common divisor of w and 319?
29
Let x(o) = -8*o - 236. Let q be x(-32). What is the greatest common factor of 100 and q?
20
Suppose 2*d + 2*m - 14 = 0, 12 = 2*d - 2*m - 10. Calculate the greatest common divisor of d and 153.
9
Let q = -77 + 45. Let y be (-2 - q/6)/(9/54). What is the greatest common factor of 50 and y?
10
Let d = 125 + -101. Let b(o) = 2*o + 4. Let u be b(4). Calculate the highest common factor of d and u.
12
Let t = 169 + -55. Suppose -5*u - z + 177 = 0, -2*u + 2*z + t = u. Calculate the greatest common factor of 4 and u.
4
Suppose 0 = 2*y + 3*o - 39, -o - 54 = -3*y - 4*o. Let g be ((-43)/y - 2/(-10))*-9. What is the greatest common factor of g and 2?
2
Suppose 45 = 3*s - 2*s. Calculate the greatest common factor of s and 5.
5
Let r(z) = z**3 + z + 383. Let v be r(0). Suppose -5*q = -0*t + 3*t - v, q = -t + 127. Calculate the highest common factor of t and 14.
14
Suppose -q + 280 = 6*q. What is the greatest common divisor of 1160 and q?
40
Suppose 8*t = 13*t. Suppose -2*a - 10 + 30 = t. Calculate the highest common factor of a and 130.
10
Suppose 19 = -s - 3*c, 25 = -5*s - c - 0. Let n be ((-20)/s)/1 - 3. Suppose -15 = -n*z + z. Calculate the highest common divisor of 120 and z.
15
Suppose -2*c + 255 + 31 = 0. Suppose x = -0*x + c. Let o be (2/4)/(1/26). Calculate the greatest common divisor of x and o.
13
Let k be 20*(-2 + 132/10). Suppose -3*l = 3, 0 = -3*g + 5*l + 44 + 129. Calculate the greatest common divisor of k and g.
56
Let f(q) = 2*q**2 + q - 5. Suppose 0 = p - 3. Let d be f(p). Calculate the greatest common divisor of d and 8.
8
Let o(x) = -2*x**3 + 72*x**2 - 74*x + 143. Let b be o(35). Let g(f) = -f**2 - 9*f - 5. Let c be g(-4). What is the greatest common divisor of c and b?
3
Let u(c) = c**2 + 2*c + 4. Let l be u(-4). Suppose -3*o + l = 3*b, 7 + 2 = 3*o + 4*b. Suppose o*d = 5*d + 14. What is the greatest common divisor of 7 and d?
7
Suppose m + 2 = 4. Let l be (1 + m)*28/6. Let k(b) = -46*b - 578. Let n be k(-15). Calculate the greatest common factor of n and l.
14
Suppose 2*x - 102 = -2*p, 2*p + 3*x = 6*x + 87. Calculate the highest common divisor of p and 592.
16
Let r = 436 - -131. Calculate the highest common divisor of r and 21.
21
Suppose -l = 3*l + 16, i = -5*l - 4. Let w(u) = 5*u. Let k be w(i). What is the highest common factor of k and 10?
10
Let r be (94 + (-4)/4)*1. Suppose -r = 4*m - 345. Let o = -4 + 13. Calculate the greatest common divisor of m and o.
9
Let m = -50 - -66. Let t be (-66)/(4/2)*(-16)/m. Let u = 89 - -274. Calculate the highest common factor of t and u.
33
Suppose 631*g + 7956 = 640*g. Calculate the highest common factor of g and 39.
13
Let u(f) = -10*f - 17. Let d(g) = 3*g + 6. Let j(i) = 8*d(i) + 3*u(i). Suppose 8*m - 3*m = -10. Let h be j(m). Calculate the greatest common factor of 9 and h.
9
Let y(n) = n**2 + n + 3*n**3 - 2*n**3 + 4608 - 4590. Let x = 1 - 1. Let s be y(x). Calculate the greatest common factor of 36 and s.
18
Suppose -5*q = -2*y + 108, -y - 3*q - 54 = -2*y. Let f be 51/(-6)*(-9 + -1) - -5. Calculate the highest common divisor of f and y.
18
Let f(b) = 3*b + 117. Let d be f(17). What is the greatest common divisor of 728 and d?
56
Let a = 9 + -6. Suppose -32 = -7*j + a*j. Suppose 70 = -3*d + j*d. What is the greatest common divisor of d and 14?
14
Let f(k) = 1783*k**2 - 8*k + 7. Let v be f(1). Calculate the greatest common divisor of v and 11.
11
Suppose -5 = -2*r - k, -4*r + 3*k - 14 = -9*r. Let g be 2 + (19 - (1 - (1 + r))). What is the greatest common divisor of g and 33?
11
Suppose -c + 22 - 8 = 0. Suppose 0 = c*a - 12*a - 240. Let g be -20*(0 + (-3)/4). Calculate the greatest common factor of a and g.
15
Suppose 233 = 2*n + t, -5*n + 0*t + 575 = 4*t. What is the greatest common factor of 63 and n?
7
Suppose 24 = -3*q + 4*q - 4*x, -2*x - 30 = -2*q. Suppose 4*t = -2*j + 172, 2*t - 195 = -2*j - 25. Calculate the highest common factor of j and q.
12
Suppose -2*w + 3 + 1 = 0, 3*n - 3*w = 63. Calculate the greatest common divisor of 184 and n.
23
Suppose -3*s - 5*d = -4*d - 14, 0 = -3*s - 2*d + 13. Suppose 0 = s*x - 7*x + 56. Calculate the greatest common factor of x and 8.
4
Let m(f) = 2*f - 9. Let k be m(4). Let c be 1*41*(0 - k). Calculate the greatest common divisor of 41 and c.
41
Let r(l) = l**3 + l**2 + 4*l + 56. Let g be r(7). What is the greatest common factor of g and 28?
28
Suppose -50 = 7*v - 8*v - m, -254 = -5*v - m. Calculate the greatest common factor of v and 33.
3
Let q = 1915 + -1833. Calculate the greatest common divisor of 16 and q.
2
Suppose 52*f = 62*f - 110. Suppose 1 = -n + 2*n. Let l(j) = 45*j - 1. Let c be l(n). What is the highest common factor of c and f?
11
Suppose 111 = -i + 3*i - 3*p, 4*p - 61 = -i. Calculate the highest common divisor of i and 6.
3
Suppose 8*v = 893 - 333. Let i(s) = -27*s**3 + 2*s**2 - 1. Let l be i(-1). What is the highest common divisor of l and v?
14
Let r = -24 + 45. Suppose 3*d = 4*d - r. Suppose a - 3*a = -126. What is the greatest common divisor of a and d?
21
Let g be 28 - (-5 - (-5 + 0)). Calculate the highest common divisor of g and 4.
4
Let p = 0 - -4. Let c be (-1*(p + -3))/(-1). Let j(v) = 3*v - 6. Let m be j(5). What is the greatest common factor of c and m?
1
Suppose -11655 = -69*a + 64*a. Calculate the greatest common factor of 63 and a.
63
Suppose 216 = 3*v - 2*z, v - 58 = -4*z + 14. What is the greatest common factor of 120 and v?
24
Suppose -4 = 2*z, -4*c + 66 - 12 = -3*z. Let b be -81*5/10*(-8)/3. Calculate the highest common divisor of b and c.
12
Suppose -203*t + 201*t + 34 = 0. What is the greatest common divisor of 1411 and t?
17
Let q = 1930 - 509. Suppose 6*z + 557 - q = 0. Calculate the